4?
113
Calculate the greatest common factor of 14 and 182.
14
What is the highest common factor of 20 and 2055?
5
Calculate the greatest common divisor of 3504 and 168.
24
What is the greatest common divisor of 87 and 330?
3
Calculate the highest common factor of 21 and 24.
3
Calculate the highest common factor of 38 and 3268.
38
Calculate the highest common divisor of 230 and 92.
46
What is the greatest common factor of 1442 and 224?
14
Calculate the greatest common divisor of 106 and 6837.
53
What is the greatest common factor of 6 and 897?
3
Calculate the highest common divisor of 232 and 10034.
58
Calculate the greatest common divisor of 686 and 1764.
98
What is the greatest common divisor of 204 and 476?
68
Calculate the greatest common divisor of 5434 and 741.
247
What is the greatest common divisor of 1 and 16?
1
Calculate the highest common divisor of 7690 and 5.
5
Calculate the highest common divisor of 1007 and 53.
53
What is the highest common factor of 2697 and 3?
3
Calculate the greatest common divisor of 784 and 140.
28
What is the highest common divisor of 58 and 986?
58
Calculate the greatest common divisor of 51 and 6681.
51
Calculate the highest common divisor of 332 and 76.
4
What is the greatest common factor of 75 and 465?
15
What is the highest common divisor of 30 and 165?
15
Calculate the greatest common divisor of 20750 and 500.
250
Calculate the highest common divisor of 104 and 32.
8
What is the greatest common divisor of 432 and 696?
24
Calculate the highest common divisor of 970 and 260.
10
Calculate the greatest common divisor of 66 and 18.
6
Calculate the highest common factor of 12130 and 10.
10
What is the highest common factor of 357 and 5831?
119
Calculate the greatest common divisor of 77 and 11.
11
Calculate the highest common factor of 18 and 621.
9
Calculate the highest common factor of 312 and 7332.
156
What is the greatest common divisor of 427 and 35?
7
What is the greatest common divisor of 2839 and 334?
167
Calculate the highest common factor of 48 and 3.
3
Calculate the highest common divisor of 12030 and 30.
30
Calculate the greatest common divisor of 546 and 126.
42
What is the highest common factor of 567 and 243?
81
Calculate the highest common divisor of 477 and 371.
53
Calculate the highest common divisor of 4224 and 198.
66
Calculate the highest common divisor of 272 and 119.
17
Calculate the greatest common factor of 42 and 9086.
14
Calculate the highest common factor of 156 and 5044.
52
Calculate the highest common divisor of 59 and 1003.
59
Calculate the greatest common divisor of 145 and 15.
5
What is the highest common divisor of 139 and 47?
1
What is the highest common divisor of 412 and 4?
4
What is the greatest common divisor of 4 and 12?
4
What is the greatest common factor of 60 and 4?
4
Calculate the highest common factor of 48 and 3.
3
Calculate the greatest common factor of 9 and 1314.
9
What is the greatest common divisor of 1304 and 88?
8
What is the greatest common factor of 425 and 34?
17
Calculate the highest common divisor of 21 and 434.
7
What is the highest common divisor of 3008 and 188?
188
What is the greatest common divisor of 4255 and 1035?
115
What is the greatest common factor of 486 and 56619?
243
What is the greatest common factor of 98 and 1064?
14
Calculate the greatest common divisor of 204 and 2924.
68
Calculate the highest common factor of 12 and 152.
4
Calculate the greatest common factor of 62 and 9176.
62
What is the highest common factor of 112 and 5392?
16
Calculate the highest common factor of 88 and 22.
22
What is the greatest common factor of 256 and 96?
32
Calculate the greatest common factor of 36 and 8.
4
What is the highest common divisor of 10 and 6?
2
Calculate the greatest common divisor of 159 and 11607.
159
What is the highest common divisor of 1 and 92?
1
What is the greatest common factor of 7 and 107?
1
What is the greatest common factor of 303 and 96?
3
Calculate the greatest common factor of 234 and 754.
26
What is the highest common factor of 1038 and 12?
6
What is the highest common divisor of 98 and 364?
14
What is the highest common divisor of 12020 and 20?
20
What is the greatest common factor of 78 and 442?
26
Calculate the highest common factor of 143 and 11.
11
What is the greatest common factor of 2296 and 56?
56
What is the highest common factor of 24 and 92?
4
What is the highest common divisor of 40716 and 26?
26
Calculate the highest common factor of 2464 and 1456.
112
Calculate the greatest common divisor of 17 and 221.
17
What is the greatest common divisor of 308 and 56?
28
What is the greatest common divisor of 911 and 6?
1
Calculate the greatest common factor of 56 and 576.
8
What is the highest common factor of 912 and 144?
48
Calculate the greatest common factor of 2050 and 50.
50
What is the highest common divisor of 1562 and 33?
11
Calculate the greatest common divisor of 2 and 98.
2
What is the highest common divisor of 44 and 5951?
11
Calculate the highest common divisor of 7296 and 57.
57
Calculate the greatest common factor of 12 and 4.
4
Calculate the greatest common divisor of 79 and 1501.
79
What is the highest common factor of 695 and 355?
5
What is the highest common factor of 24 and 10356?
12
What is the highest common factor of 47 and 5029?
47
What is the highest common divisor of 140 and 120?
20
Calculate the greatest common divisor of 2561 and 39.
13
Calculate the highest common divisor of 2 and 122.
2
What is the highest common factor of 38 and 171?
19
What is the highest common divisor of 430 and 53320?
430
Calculate the highest common divisor of 192 and 1608.
24
Calculate the greatest common factor of 4065 and 60.
15
What is the highest common divisor of 420 and 3?
3
What is the greatest common factor of 8730 and 75?
15
What is the highest common divisor of 896 and 2968?
56
Calculate the highest common divisor of 2 and 17.
1
What is the highest common factor of 287 and 164?
41
Calculate the greatest common divisor of 136 and 14008.
136
What is the greatest common factor of 162 and 2466?
18
Calculate the greatest common divisor of 2304 and 36.
36
What is the highest common factor of 105 and 4?
1
What is the greatest common factor of 3450 and 750?
150
Calculate the highest common factor of 464 and 48.
16
Calculate the greatest common divisor of 58 and 522.
58
What is the greatest common divisor of 176 and 330?
22
What is the highest common divisor of 38 and 114?
38
What is the greatest common factor of 17 and 50?
1
Calculate the greatest common factor of 3553 and 119.
17
Calculate the highest common divisor of 79 and 8.
1
Calculate the highest common divisor of 252 and 1344.
84
Calculate the greatest common factor of 22 and 374.
22
What is the greatest common divisor of 28459 and 149?
149
Calculate the greatest common factor of 2420 and 170.
10
Calculate the highest common divisor of 2304 and 72.
72
Calculate the greatest common divisor of 1104 and 4.
4
What is the greatest common factor of 74 and 1184?
74
What is the highest common factor of 845 and 15?
5
What is the highest common divisor of 2077 and 871?
67
What is the highest common divisor of 84 and 105?
21
Calculate the greatest common factor of 2844 and 189.
9
What is the highest common factor of 1125 and 495?
45
What is the highest common factor of 13320 and 70?
10
Calculate the highest common divisor of 51 and 6817.
17
Calculate the highest common divisor of 42 and 168.
42
What is the greatest common divisor of 360 and 14760?
360
Calculate the greatest common divisor of 13 and 7.
1
What is the highest common factor of 18 and 117?
9
Calculate the highest common factor of 528 and 583.
11
Calculate the highest common divisor of 1 and 16.
1
What is the greatest common factor of 26 and 2444?
26
Calculate the greatest common factor of 2646 and 1617.
147
What is the highest common divisor of 1370 and 2192?
274
What is the highest common divisor of 81 and 34911?
81
Calculate the greatest common factor of 111 and 6475.
37
What is the highest common factor of 8 and 76?
4
Calculate the greatest common factor of 30 and 21.
3
What is the greatest common divisor of 16 and 296?
8
What is the highest common divisor of 756 and 108?
108
Calculate the high